What is the tens digit of r?
1
Let r(u) = u - 12. Let d(a) = a**3 + 6*a**2 - 2*a + 2. Let l be d(-6). Let o be r(l). Suppose -4*k + 66 - o = 0. What is the tens digit of k?
1
What is the hundreds digit of 303/3 + (-154)/(-22)?
1
Let b(q) = -q**2 + 7*q + 9. Let c be b(-6). Let t = 117 + c. Suppose -10 = 2*d - t. What is the units digit of d?
9
Let h be -6 - (-1 + 1 - -3). Let w(a) = a + 17. Let m be w(h). Suppose -l + m = -13. What is the units digit of l?
1
Let h be ((-32)/(-20))/((-2)/(-5)) - 2. What is the tens digit of (-1)/(-1) - h - (-1008)/12?
8
What is the tens digit of (9/12)/((-15)/(-3060))?
5
What is the hundreds digit of 9*(-7)/((-189)/(-6)) + 326?
3
Let i = -496 - -849. What is the tens digit of i?
5
Let q(n) = 6*n**2 + 4. Let i be q(-2). Let r = i + -26. Suppose o + 4*o - b - 198 = 0, 76 = r*o - 2*b. What is the tens digit of o?
4
Let i = -2 + 0. Let u = 8 + i. Let q = u + 13. What is the units digit of q?
9
Let i(y) = -y**3 - 4*y**2 + 4*y + 5. Let b be i(-5). Let r(x) = 2*x - 15. What is the units digit of r(b)?
5
Suppose 4*v + 0*w - 5*w = 0, -w = -5*v. What is the tens digit of (-2 - v)*1 + 15?
1
Let k(g) = 5*g - 5. Let d be k(6). Suppose 4*m + 92 = -52*c + 56*c, 58 = 2*c - 5*m. Let u = d - c. What is the units digit of u?
6
Let f(r) = -339*r + 2. What is the tens digit of f(-1)?
4
Let r be 245/13 - (-14)/91. Let y(s) = -2*s + 3*s + 4*s + r - 4*s. What is the tens digit of y(-8)?
1
Suppose -44*h + 15215 = -3485. What is the units digit of h?
5
Suppose m - 5*g = 3*m - 4444, -5*g + 2232 = m. What is the tens digit of m?
1
Let k(p) = p**2 + 12*p + 17. Let v = 37 - 26. Let d(m) = m - 24. Let b be d(v). What is the units digit of k(b)?
0
Let n(p) = 6*p - 49. What is the units digit of n(9)?
5
Let y = 242 + 18. What is the hundreds digit of y?
2
Let h = 621 - 340. What is the hundreds digit of h?
2
Let r(u) = -2*u + 19. Let d be r(0). Let o = d + -16. What is the units digit of o?
3
Let i(d) be the first derivative of d**4/4 + 4*d**3/3 + 3*d**2/2 + 2*d + 4. Let m be i(-3). Let n(u) = 2*u**2 + u - 1. What is the units digit of n(m)?
9
Let a be (-8)/52 - (-4)/26. Let s(c) = -c**2 + 2*c + 39. What is the units digit of s(a)?
9
Let l(q) = q**2 - 4*q + 2. Let y be l(4). Suppose -y*h = h - 180. Suppose -4*n + n = -h. What is the tens digit of n?
2
Suppose 3*i - 2 = n - 23, i = -2*n + 7. Suppose s - 4 = -2*k, n*k - 6 = 3*k - s. What is the units digit of k?
2
Let b = -245 - -420. Suppose 2*q = -3*a + 86, 5*a - b = q + 2*q. What is the units digit of a?
2
Let t(h) = 6 - 4*h**2 - 13*h + 0*h**2 - h**2. Let w(n) = 9*n**2 + 25*n - 13. Let k(a) = -11*t(a) - 6*w(a). What is the tens digit of k(9)?
3
Let n = -28 - -16. Let w be n/18*42/4. Let d = 9 - w. What is the tens digit of d?
1
Suppose 2*m - 386 = 4*z, -87 = 5*z + 2*m + 382. Let x be (15/(-3))/((-2)/58). Let f = z + x. What is the units digit of f?
0
Let u(x) = -x**3 + 8*x**2 + 10*x + 14. Let f be u(10). Let p = 167 + f. What is the tens digit of p?
8
Let j(m) = -46*m**3 + m**2 - 3*m + 6. Let c(l) = -15*l**3 - l + 2. Let w(a) = 7*c(a) - 2*j(a). What is the units digit of w(-2)?
0
Suppose 34*l - 840 = 30*l. Suppose 0 = -5*q + l + 25. What is the tens digit of q?
4
Let a be -108 - 3*(-4)/(-4). Let j = -70 - a. What is the units digit of j?
1
Suppose -103*a = -77*a - 37388. What is the hundreds digit of a?
4
Let n(w) = -w**2 - 1. Let c be n(0). What is the units digit of (c/3)/((-28)/6636)?
9
Let p(a) = a**2 - a + 9. Suppose -4*f - 1 = -3*f. Let q be (-22 + 1)/(-3) + f. What is the units digit of p(q)?
9
What is the hundreds digit of (-8)/((-96)/2130)*2?
3
Let s = 2440 - 2010. What is the units digit of s?
0
Let o = 4 - -4. Let x = 0 + 5. Let n = o + x. What is the units digit of n?
3
Suppose 0 = 12*k - 8*k - d - 4684, -1171 = -k + d. What is the thousands digit of k?
1
What is the units digit of 5/((1/(-3))/(151/(-3)))?
5
Let g be 4 - (2 - 1 - 1). Let t be 162/189 + (-16)/(-14). Suppose -g*v = 4*x - 140, 4*v - 2 = -t*x + 72. What is the units digit of x?
3
Suppose 4 = -2*f, 11*u - 5*f = 13*u + 4. Suppose p = 5*a + 6*p - 15, -5*a + 15 = 3*p. Suppose a*r + u*r - 402 = 0. What is the units digit of r?
7
Let h = 26 + -24. Suppose 3*t - 6 - 16 = -h*x, -5*t + 45 = 5*x. Suppose 3*q = 2*r - q - 34, -25 = x*q. What is the units digit of r?
7
Let f(z) = 3*z**2 - z + 9. Let v(b) = -16*b**2 + 5*b - 46. Let t(u) = 11*f(u) + 2*v(u). Suppose -17*l = -15*l - 12. What is the units digit of t(l)?
7
Suppose -5*i = -k - 4*i + 17, 3*i = -3*k + 45. Suppose 4*q = -3*z + 2*q + 104, 4*q = z - k. What is the units digit of z?
2
Let v be (-1)/(-5) + (-196)/(-70). Let c(k) = 8*k - 6. What is the tens digit of c(v)?
1
What is the tens digit of (15 + 4/(-2))*(47 - 8)?
0
Let h(j) = -j**2 - j - 13. Let w be h(0). Let l(p) = -p**3 - 12*p**2 + 11*p + 5. What is the units digit of l(w)?
1
Suppose -2*z = 3*l - 26 + 3, -3*z + 27 = 3*l. Suppose 5*y = 2*b - 234 + 56, -z*y + 5*b - 156 = 0. Let c = y - -59. What is the tens digit of c?
2
Suppose -b = -2*x + 4*b + 36, -3*x - 3*b = -54. Let m be ((-38)/(-4))/(3/x). Suppose 0 = 5*d - 68 - m. What is the tens digit of d?
2
What is the hundreds digit of (0 - (-1 - (7 - -2857))) + -3?
8
Suppose 3*m - 2314 = b, b + 763 = m - b. What is the tens digit of m?
7
Suppose 3164 = 5*n - 3226. Let x be (-2)/(-3) - n/(-27). What is the units digit of (-190)/(-8) - (-12)/x?
4
Let f(p) be the second derivative of 53*p**4/12 + p**3/3 - 25*p. What is the tens digit of f(-2)?
0
Suppose -11*h + 7*h + 2*t + 13010 = 0, 0 = -3*h - t + 9760. What is the thousands digit of h?
3
Let y = -1693 + 2817. What is the tens digit of y?
2
Let h = 1 - 19. Let k = h - -41. What is the tens digit of k?
2
Suppose -2*t + 53 = -k - 70, -3*k - 363 = -3*t. Let a = -25 - k. What is the units digit of a?
4
What is the hundreds digit of (8 + -3 - 54/6) + 577?
5
Suppose 511 = 3*x + 61. What is the hundreds digit of (74/6)/(-2 + x/72)?
1
Suppose 0 = -3*g + 4*g - 581. What is the hundreds digit of g?
5
Let k(i) = 2*i**2 - 21*i - 120. What is the units digit of k(34)?
8
Suppose 4*x - 4*h - 884 = 0, 5*h - 2*h - 3 = 0. Suppose -x + 764 = 2*i. What is the units digit of i?
1
Let p be 2/(-4)*16/(-4). Let d(c) = c - 5 + 3 + 4*c**2 + 6 - 2. What is the units digit of d(p)?
0
Let o(g) = 11*g**2 + 121*g + 47. What is the units digit of o(-20)?
7
Let y = -319 + 301. Let n(j) = 5*j**2 - 2*j + 3. Let u be n(3). Let f = u + y. What is the tens digit of f?
2
Suppose -5*k = -3*u + 23, -5*k + 7 = u + u. What is the units digit of -3 + u/(-10) + (-888)/(-30)?
6
What is the units digit of ((-2)/(-2) + 4)*3663/55?
3
Suppose o - 3*u = 53 + 151, -2*u - 4 = 0. What is the hundreds digit of o?
1
Suppose p - 109 = 22*i - 27*i, 4*p - 2*i - 480 = 0. What is the hundreds digit of p?
1
Let o(n) = -n**2 + 26*n - 28. What is the tens digit of o(15)?
3
Suppose 0 = -299*x + 290*x + 8397. What is the units digit of x?
3
Suppose 39*v = 31*v + 2400. What is the hundreds digit of v?
3
Let q(i) be the first derivative of -i**4/4 - 13*i**3/3 + i**2/2 + 17*i - 3. Let f be q(-13). Suppose -f*r + 63 = -r. What is the tens digit of r?
2
Suppose 4*z - 3*f - 423 = 0, 0*z + 122 = z - 4*f. Suppose 0 = -4*s + s - 4*v + 350, s - z = -5*v. What is the hundreds digit of s?
1
Let y = -117 + 121. Suppose -y*r + 113 = j, 0*r + 4*r = -4*j + 428. What is the tens digit of j?
0
Let s = 9 - 6. Suppose 3*j = 4*w + 524, -8*j - 2*w + 856 = -s*j. Suppose -4*y + j = -128. What is the units digit of y?
5
What is the units digit of ((-16)/(-10))/((-66)/(-11385))?
6
Let c(v) = -v**2 + 48*v - 212. What is the units digit of c(29)?
9
Suppose -k - 3 = 7. Let n be (-99)/(-15) + 6/k. Suppose -2*g - n = -20. What is the units digit of g?
7
Suppose 4 = s + 2. Suppose -s*k + 19 = o + 7, k = -3*o + 16. What is the units digit of (-3 - 24/k)/(-1)?
9
Let t = 34 - 20. Let v be t/4*(-56)/(-98). Suppose v*w - s = -2*s + 148, 2*s - 146 = -2*w. What is the tens digit of w?
7
Let p(v) = v**2 - 8*v + 7. Let j be p(9). Let q be (-4 - -1)/((-12)/j). Suppose x + 81 = q*x. What is the tens digit of x?
2
Let c be 5 + 1 - (-30 + 33). Suppose c*d + 5*y + 26 = 511, -d + 3*y + 143 = 0. What is the tens digit of d?
5
Let w be 2/(-3)*(-6 + (-25275)/10). Suppose w = 13*k - 404. What is the tens digit of k?
6
Let m be (-1421